 h(w) = 2*w + z*w**3 + 0*w - w. Determine h(m).
-5
Let a(v) = 10*v - 14*v - 3*v**2 + 2*v**2 + 0*v**2 - v. Give a(-4).
4
Let x(r) = r**3 + r + 7. Suppose -5*z - 2 - 3 = 0. Let g be (z - -3)*2 - 4. Determine x(g).
7
Let z(s) be the first derivative of s + 3/4*s**4 - 12 + 3/2*s**2 + s**3. Determine z(-2).
-17
Let h be -4 - 3/(-1 - (-14)/16). Suppose 0 = 13*w - 8*w + h. Let z(q) = q**3 + 5*q**2 + 5*q. Calculate z(w).
-4
Let h(s) = -s**3 + 3*s**2 - 2*s + 1. Let f(c) = -5*c**2 - 109*c + 24. Let q be f(-22). Determine h(q).
1
Let j(a) be the third derivative of a**7/840 + 7*a**6/360 + a**5/20 - 5*a**4/24 + 3*a**3/2 - 4*a**2. Let z(f) be the first derivative of j(f). What is z(-6)?
-5
Let k(x) = -12*x - 5*x**2 - 12*x + 2881*x**3 - 2880*x**3 + 5. Calculate k(8).
5
Let d(m) = -m**3 + 6*m**2 + 2. Let r be d(6). Let x(s) = -1 - 2*s**r + 2*s**2 - s + s**2. Give x(-2).
5
Let s = 142 + -141. Suppose d + 3*t + 23 = 5*d, -13 = -4*d + t. Let o(m) = -1 + m + 6*m**3 - m**2 + 6*m**2 - 4*m**d. What is o(s)?
7
Let a(y) = -6 + 1737*y - 868*y - 868*y. Determine a(0).
-6
Let y(r) = r**2 + 13*r - 9. Let d(j) = -j**2 - 2*j + 1. Let c be d(-5). Let u be y(c). Let q(x) = 4*x + 37*x**2 - u - 19*x**2 - 19*x**2. Determine q(5).
-10
Let j(m) = -84*m**3 - 53*m**2 + 3*m + 2. Let h(c) = -28*c**3 - 20*c**2 + c + 1. Let x(u) = -8*h(u) + 3*j(u). Determine x(1).
-28
Let c(o) = o**2 + 5*o - 4. Suppose 33 = -5*f - v, 12*f = 10*f - 2*v - 18. Give c(f).
2
Let x(p) = p - 2. Let v(n) = -24 + 3*n - 2*n - 2*n + 4*n. Let t be v(6). Calculate x(t).
-8
Let c(v) = -4*v**2 + 10*v + 3. Let b(i) = i**2 + 1. Let t(m) = 3*b(m) + c(m). Let j be t(10). Let k(f) = -f**2 + 6*f - 4. What is k(j)?
-4
Let j(z) = 5*z**2 + 5*z - 11. Let m(a) = a**3 + a**2 - a - 1. Let w(l) = j(l) + m(l). Let f be w(-5). Let n(r) = -r**3 - 7*r**2 + 2*r - 8. Calculate n(f).
-22
Let l(t) be the second derivative of 7*t**4/12 - t**3/3 + t**2/2 + 5*t. Let m be l(1). Let h(w) = -2*w - m*w**2 + 15 - w**3 - w - 13. Calculate h(-5).
-8
Let k(t) = 4*t**2 + t - 6*t**2 + 0*t**2 - 1 + t**2. Let v(p) = -7*p**3 - 7*p**2 + 7*p - 6. Let x(c) = 6*k(c) - v(c). Determine x(1).
7
Let y(s) be the first derivative of -s**4/4 - s**3 + 3*s**2 + 10*s - 387. Determine y(-4).
2
Let n = -575 - -574. Let q(s) = -5*s**3 + s**2 + 2*s + 1. Give q(n).
5
Let o(j) = j + 2. Suppose -2*t + 4*t - 18 = -3*w, 2*t - w - 10 = 0. Let a be (-4 - 24/(-3))*t/(-8). What is o(a)?
-1
Let s(h) = 2*h**3 + 3*h**2 + 4*h + 2. Let t be ((1 - 41) + 2)/1. Let u = t - -36. Determine s(u).
-10
Let y(a) be the first derivative of 2*a**3/3 + 55. Determine y(-2).
8
Let y(q) be the third derivative of 11*q**4/24 + q**3/6 - 136*q**2. Determine y(-3).
-32
Suppose 50*d = 76*d - 130. Let t(q) be the second derivative of -d*q + 0 - 1/2*q**2 + 1/12*q**4 + 1/6*q**3. What is t(-2)?
1
Let z(v) = 464 - 926 + 463 - v. Determine z(1).
0
Let p(g) be the third derivative of -g**5/60 + g**4/24 - 2*g**2 - 3*g. Give p(-2).
-6
Suppose 24 = -5*z + 9*z. Let h(c) = -c**2 - 4 - 8 - 2 + z - 9*c. What is h(-7)?
6
Let y(f) be the first derivative of -f**3/3 - f**2/2 - 2*f - 219. Determine y(2).
-8
Let q(v) = -v**3 - 5*v**2 - 4*v + 5. Suppose 4*c + 2 + 2 = -5*a, 0 = 5*c - 3*a - 32. Suppose -p + 12 = -4*u + p, c*p + 8 = 0. Give q(u).
5
Let z(c) = -3*c - 4. Suppose 5*a - y = -15, -3*a - 4 = y + 5. Let g be z(a). Let n(l) = 4*l**2 - g*l**2 - 2 - 2 - 3. Calculate n(0).
-7
Let a(u) = -u**2 - 2 + 5 + 5*u - 3 - 2. Let x(g) = g**2 - 5*g + 3. Let n(q) = 5*a(q) + 4*x(q). What is n(4)?
6
Let f(w) = -6*w. Let x(j) = 4*j. Let a(p) = 3*f(p) + 4*x(p). Give a(2).
-4
Let o(w) = -7*w**3 - 2*w**2 - w. Let i(r) = r**2 + 5*r - 8. Let j be i(-7). Let v be 8/(-14)*(-21)/j. Suppose 2*z + 4 - v = 0. Determine o(z).
6
Let s(m) be the third derivative of m**5/60 + 13*m**4/24 + 13*m**3/6 - 94*m**2. What is s(-11)?
-9
Let d(h) = 3*h - 9. Let c(k) = k**2 - 12*k - 3. Let v be c(12). Let n(b) = b**2 - 4*b - 6. Let r(f) = -f. Let o(q) = v*r(q) - n(q). Let x be o(7). What is d(x)?
9
Let n be 3 - (5 - 3 - -4). Let y(s) = s**2 + s. What is y(n)?
6
Let f(t) be the first derivative of t**2 - 6*t - 2. Let r(s) = s**3 + 7*s**2 + 4*s - 6. Suppose -30 = 5*o - 0. Let i be r(o). Give f(i).
6
Let m(z) = 429*z + 4. Let b(w) = 107*w. Let f(i) = 4*b(i) - m(i). Suppose -x + 2 = j + 4, -5*j + 5 = 0. What is f(x)?
-1
Let j(o) = -6*o + o**2 - 7*o - 3*o + o**3 + 16*o - 20. Calculate j(0).
-20
Let m be (-4)/3 - (-70)/21. Let x(j) = 12 + 4*j - m*j - 11. Let s = -36 - -31. What is x(s)?
-9
Suppose -2*c + 4 = -b + 5*b, -2*c - 10 = -3*b. Let m(o) = -13*o**2 + o**3 - 47 + 53 + 7*o**b. Calculate m(6).
6
Let i(q) = -5*q + 21. Let d(a) = -12*a + 45. Let p(v) = 4*d(v) - 9*i(v). What is p(-4)?
3
Let f = 28 - 23. Let z(o) = 0*o + 2 + o - f - 2*o. Let d be z(-2). Let v(r) = 4*r**2. Give v(d).
4
Let n(p) = 1893*p**2 - p + 1894*p**2 - 3 - 3788*p**2. Let d be 1 + 0/(-2) + -1. What is n(d)?
-3
Let a(k) = -k - 4. Let u = 7 - 5. Let h be u/(2*(-1)/12*2). Determine a(h).
2
Let a(w) = 24*w**3 - w + 1. Let l(h) = -3*h**2 + 63*h - 59. Let b be l(20). Give a(b).
24
Suppose -7*y - 12 = 44. Let i = -7 - -11. Let q be i/16 + (-14)/y. Let h(w) = w**3 + w**2 - 2. Calculate h(q).
10
Let y(r) be the third derivative of -r**5/60 - r**4/3 - 46*r**2. Calculate y(-7).
7
Let f(i) be the first derivative of 2*i**2 - 5 + 5*i + 1/3*i**3. Calculate f(-4).
5
Let b(u) = -3*u**3 + 2*u**2 - 1. Let x = -2 + 8. Let v be (-8)/10 + x/(-30). Calculate b(v).
4
Let g(d) = -d - 7. Let u(w) = 5. Let f(l) = -3*g(l) - 4*u(l). What is f(2)?
7
Let b(f) = -2*f - 8. Let q(l) = l**3 + 7*l**2 - 9*l - 4. Let i(a) = b(a) - q(a). Suppose -3*m - 21 = -o, 4*o + 3 = -9. Give i(m).
4
Let b(y) be the first derivative of -y**4/4 - y**3/3 - y**2/2 - 16*y + 80. Calculate b(0).
-16
Let u(f) = -6*f - 4 - 10*f**2 - 9*f**2 - 2*f**2 + 6 + 20*f**2. Let x = -11 - -5. Give u(x).
2
Let r(c) be the second derivative of 39*c**5/20 + c**3/6 + c**2/2 + 89*c. Calculate r(-1).
-39
Let y(u) be the second derivative of u**3 - 9 + 9 - 2*u + 0*u**3. Let a = -15 + 14. Give y(a).
-6
Let o(f) = -2*f**2 - 10*f - 14. Let w be o(-7). Let g = -36 - w. Let b(v) = -v**2 + 5*v + 2. Give b(g).
-4
Suppose 7*m = 9*m - 2. Let o(l) = -2 - 1 - m + 4*l - 3*l. Give o(5).
1
Suppose 44*o = 45*o - 46. Let s = -42 + o. Let b(k) be the first derivative of k**4/4 - 4*k**3/3 + 3*k**2/2 - 4*k + 1. What is b(s)?
8
Suppose -5 = -g - 5*x, 2*g + 8 = -4*x - 12. Let y = 22 + g. Let b(h) = -h**2 + 0*h**y - 4*h + 5*h + 5. Give b(4).
-7
Let i(h) be the second derivative of -h**4/12 - 4*h**3/3 + 2*h**2 - 2*h. Suppose -5*x + 26*f - 27*f = 24, 2*f - 4 = 3*x. Determine i(x).
20
Suppose 5*y - 7 + 35 = 4*b, 0 = -4*b + y + 12. Let m(x) = -4*x - b*x**3 - 5*x**2 + 6*x + 5 + x**3 - 11. Determine m(-5).
-16
Let d(y) = -y + 7. Let r = -10 + -18. Let v = r - -23. Let u = 2 - v. Calculate d(u).
0
Let o(y) = -5*y**2 + 20*y - 11. Let m(k) = k**2 - 4*k + 2. Let u(v) = 11*m(v) + 2*o(v). Let h(j) = -28*j + 53*j + 10 - 26*j + 0. Let w be h(6). Determine u(w).
0
Let g(m) = -m - 4. Suppose -5*a + w = 39, 12 + 7 = -a + 3*w. Let z(v) = 2*v + 9. Let t(s) = a*g(s) - 3*z(s). Determine t(5).
6
Let d = -306 - -313. Let f(m) = -m**2 + 2*m + 16. What is f(d)?
-19
Let c(n) = 2*n**2 + n - 1. Let a(s) = -5*s**2 - 3*s + 4. Let b(u) = -a(u) - 2*c(u). What is b(2)?
4
Let b be (5 + 0)/((-270)/(-324)). Let f(t) = 5*t - 7. Let z be ((-10)/8)/((-1)/(-4)). Let d(s) = 6*s - 6. Let p(g) = b*d(g) + z*f(g). Determine p(-1).
-12
Let h(y) = y**3 + 6*y**2 - y - 3. Let j be (30/(-8))/(18/48). Let k = j + 6. Let p be (k/(-6))/(4/(-36)). Determine h(p).
3
Let g(h) = -h + 5. Let l = 2362 + -2353. What is g(l)?
-4
Let g(j) = j**3 - 2*j**2 - 2*j + 2. Let t = -9 - -11. Let a(l) = 4*l**2 + 3*l**t - 2*l**2 - 4*l**2 + 8*l + 9. Let z be a(-7). What is g(z)?
-2
Let q(g) = 5*g - 2. Let z be q(1). Let w(c) = -4 - 2*c**2 + 4 - 2 + 2*c + 2*c. Give w(z).
-8
Let m(z) = -5*z**2 - 6*z - 4. Let p(d) = d**2 + d + 1. Let u(w) = -2*m(w) - 9*p(w). What is u(2)?
9
Let y(d) be the second derivative of -d**3/3 + 3*d**2 + 195*d. What is y(-4)?
14
Let h = -3 + 8. Let s(i) be the first derivative of 1/2*i**2 + 12 - 5*i. What is s(h)?
0
Suppose 3*s - 8*s + 2*u + 55 = 0, 5*u = 0. Suppose s*g + 44 = -0*g. Let d(o) = o**3 + 5*o**2 + 4*o - 3. Calculate d(g).
-3
Let w 